f h?
2
What is the units digit of (21282/(9/(-3)))/(3/((-24)/16))?
7
Let n = -52 + -29. Let r be n*2/8*128/(-6). Suppose -r = -18*w + 14*w. What is the hundreds digit of w?
1
Suppose 4*h + 5*k - k = -36, 0 = h + 3*k + 17. Let q be (-24)/h*(-30)/(-9). What is the tens digit of (41/1)/(q/32)?
8
Let r = 32 - 27. What is the hundreds digit of (-256)/(-1) + (35/r)/7?
2
Suppose 19*l - 17*l = -4*c + 2640, 642 = c + 5*l. What is the hundreds digit of c?
6
Let g = 83214 - 46519. What is the tens digit of g?
9
Let s be -6 + (-70)/(-7) + -1. What is the hundreds digit of (2 + 1572/(-15))/(s/(-15))?
5
Let o = -42 - -1035. Let b = o - -101. What is the thousands digit of b?
1
What is the hundreds digit of (472/(-35) - (-20)/(-25))/(26/(-182))?
1
Let w(f) = -29*f + 84. Let h = 635 + -660. What is the tens digit of w(h)?
0
Let b(l) = -2*l**2 + 118*l - 111. Let y be b(58). Suppose -3*g + 171 = 2*h - 3*h, -h + 293 = y*g. What is the tens digit of g?
5
What is the tens digit of (347 - -4)/(-3 - -5 - 87/45)?
6
Suppose -4*z - 106671 - 93101 = -5*v, -2*z = -10*v + 399556. What is the tens digit of v?
5
Suppose 17 = 4*n - 7. Let o(i) = 4*i**3 - 7*i**2 + 18*i - 45. What is the hundreds digit of o(n)?
6
Suppose 23*h = 5621 + 2659. Suppose 1825 = 5*p - h. What is the tens digit of p?
3
Let c = 21079 + 64586. What is the units digit of c?
5
Let a(i) = 2*i**3 + 17*i**2 - 22*i - 21. Let b be a(-10). What is the tens digit of (6 + (-1 - 0))*(156 - b)?
8
Let t(q) = 51*q**2 + 2*q + 8. Suppose 13*j - 3*h = 8*j, -15 = 3*h. What is the units digit of t(j)?
1
Let w(p) = -148*p - 40. Let x(h) = 148*h + 40. Let c(o) = 4*w(o) + 5*x(o). What is the hundreds digit of c(10)?
5
Suppose 3*l = -22*b + 175184 - 65189, 4*l - 146508 = -4*b. What is the tens digit of l?
2
Let u = -213 - -209. Let f(a) = 6*a**2 - 7*a - 11. What is the tens digit of f(u)?
1
Let j(o) = 5*o**2 + 8*o - 13. Let n be 7 + 5/((-20)/(-24)). What is the tens digit of j(n)?
3
Suppose 22*n + 7 + 37 = 0. What is the tens digit of 2/6*6/n + 1133?
3
Suppose 2*s = 2*o + 4374, -1288 = 2*o + 4*s + 3098. Let x = -510 - o. What is the units digit of x?
9
Let s(h) = -4*h**3 + 20*h**2 - 16*h - 29. Let i(g) = -3*g**3 + 20*g**2 - 18*g - 28. Let q(x) = 3*i(x) - 2*s(x). What is the hundreds digit of q(17)?
4
Suppose -272364 = 27*j - 1162932. What is the thousands digit of j?
2
What is the tens digit of ((4/(-3))/((-6)/27))/(552/324944)?
3
Let x = -4389 - -5837. What is the thousands digit of x?
1
Let f(q) = 3*q**2 + 38*q + 10. Let y be f(-15). Suppose -3*b + 715 = y. What is the units digit of b?
0
Let y = -11 + 15. Suppose y*i - 350 = -6*i. Let u = 52 - i. What is the units digit of u?
7
Suppose 2997 = 8*q - 571. Let x = -102 + q. What is the tens digit of x?
4
Let b(n) = 2*n - 22. Let w be b(-3). What is the units digit of 1/((-10)/195)*w/21?
6
Let i(m) = -3*m + 41. Let w be i(13). Let h be -4*6*w/(-16). Let q(x) = 30*x**2 - 13*x + 1. What is the tens digit of q(h)?
3
Let u be (10 - 14)/((-4)/6). Let a be 11457/95 + u/(-10). Suppose -105 - a = -3*y. What is the units digit of y?
5
Let f(m) = 8*m**3 + 27*m**2 - 93*m - 64. What is the hundreds digit of f(13)?
8
Let c(i) = 32*i - 55*i - 163*i + 40 + 32 + 5*i. What is the hundreds digit of c(-6)?
1
Let q(w) = w**2 - 2*w - 3. Let f be q(3). Let r be 1 + 1 + -6 + -57 + -1. Let n = f - r. What is the units digit of n?
2
Let i(t) = 464*t + 9. Let x be i(3). Suppose 0 = -5*n - 2*z + x, 0*z + 2*z = 6. What is the units digit of n?
9
Let g(c) = 27*c**2 + 73*c + 1260. What is the tens digit of g(-19)?
2
Suppose 0 = -58*k + 46*k + 17532. Suppose -17*h + 11748 + k = 0. What is the tens digit of h?
7
Suppose 4*r - 29240 = h, 21929 = 33*r - 30*r - h. What is the thousands digit of r?
7
Let x = 4529 - 649. What is the hundreds digit of x?
8
What is the tens digit of (-4 - 2) + 954 + (0 - 5)?
4
What is the units digit of -22106*((-14)/4 + (-12)/72*-18)?
3
Let q(r) = 1700*r**3 + 114*r**2 - 7*r. What is the tens digit of q(2)?
4
Let r(o) = -9*o - 15. Let v be r(-32). What is the units digit of v - (-1 + -5 - -10)?
9
Suppose 371112 - 86129 = 29*a. What is the units digit of a?
7
Suppose 7*o = 3*o + 40. Suppose -o*q = q + 16071. What is the units digit of 0 - 9/12 - q/12?
1
Let a be (-3)/12 - (-2)/((-24)/(-1587)). Suppose 5*i - 147 = 1023. Let s = i - a. What is the units digit of s?
2
Suppose 14*n - 10 = -f + 12*n, -2*f - 5*n + 23 = 0. Suppose -4*k + 459 = f*m - 1321, 2*k = 5*m + 855. What is the hundreds digit of k?
4
Let b(t) = 52*t**2 + 73*t + 963. What is the tens digit of b(-26)?
1
Suppose -1916 = -d - 2*b - 3*b, 5*b = d - 1906. Suppose 8913 = 33*u - d. What is the units digit of u?
8
What is the units digit of (556/2)/(52/1352)?
8
Let k(g) = g**3 - g**2 + 2*g + 1. Let d be k(4). Suppose d*t - 60*t - 57 = 0. Let l(z) = -z**3 - 19*z**2 - 14*z - 23. What is the hundreds digit of l(t)?
2
Let y = -126 + 130. Let q be (((-4)/(-4))/(-2))/(2/y). What is the hundreds digit of (q/((-3)/(-750)))/(18/(-9))?
1
Let o be (9/6)/(6/132). Let s = -31 + o. Suppose 0 = 3*h + 3*u - 26 - 46, 3*h - s*u - 47 = 0. What is the units digit of h?
9
Let t(m) = -11*m - 25. Let n = -28 + 21. Let u be t(n). What is the tens digit of (0 - 2/(-4))*u?
2
What is the hundreds digit of (3 - 2513)*(-5 - (-2)/1)?
5
Let r(f) = -12*f - 122. Let u be r(-10). Let s(t) = -498*t - 35. What is the tens digit of s(u)?
6
Let o be (1/6*-4436 - 6)*-3. Let a = 3839 - o. What is the units digit of a?
3
Let k be ((-12)/7)/((-1)/(-77)). Let x = 363 + k. What is the hundreds digit of x?
2
Let z(x) = -2*x + 22. Let f be z(11). Let p(j) = -j**3 - j**2 - j + 712. What is the hundreds digit of p(f)?
7
Let z(l) = 2*l**2 - 18*l + 30. Suppose -38 = -n - 3*g - 2*g, 58 = 3*n + g. What is the units digit of z(n)?
4
Let o(b) = 148*b**2 + 488*b + 43. What is the thousands digit of o(14)?
5
Suppose -2*f = -5*p + 6, 3*p - 15 = -f + 6*f. Suppose 5*v = -g + 479 + 174, p = -3*g + v + 1879. What is the tens digit of g?
2
Let p(k) = -5*k**3 + 223*k**2 - 61*k - 52. What is the tens digit of p(26)?
3
Suppose -5 = 5*a - 20. Let c(y) be the second derivative of 7*y**4/6 - y**3/3 + 9*y**2/2 + 289*y. What is the tens digit of c(a)?
2
Suppose 12*a - 489489 = -65*a. What is the thousands digit of a?
6
Suppose -28119 = -25*c + 13*c + 32133. What is the hundreds digit of c?
0
Let s = -6569 - -13186. What is the hundreds digit of s?
6
Let z(x) = 11304*x + 2313. What is the units digit of z(2)?
1
Suppose -64 = -0*l - 4*l. Let f be (-73440)/l*(14/(-10) - -1). Suppose -10*n - 656 = -f. What is the tens digit of n?
1
Suppose -2*a = 3*a - 5*j - 5, -6 = -5*a + 4*j. Suppose -5*m + 4 = a*y, 2*y - 6 = -4*m - y. What is the units digit of (m - 0) + 67 + 4?
1
Let k(s) = -249*s**3 + s**2 - s - 1. Let i be k(-1). Let p = -536 - -389. Let u = i + p. What is the units digit of u?
3
Suppose 0 = -2*y + 5*m + 34, 3*m + 18 = y - 0*m. Suppose -2*o - 13*d = -y*d - 11, 42 = 4*o - 2*d. What is the tens digit of (o/12*-21)/(-1)?
1
Suppose 31518 + 3522 = 20*w. What is the hundreds digit of w?
7
Let i be ((-2)/(-2))/((-2)/672). Let g = 436 + i. What is the units digit of g?
0
What is the units digit of (-3*(-23359)/84)/((-2)/(-48))?
2
Suppose 0 = -3*k - 8 - 1, 26 = b - 5*k. Let j(t) be the first derivative of 9*t**2/2 + 42*t + 8223. What is the hundreds digit of j(b)?
1
Let q(k) = -977*k + 264. Let n be q(-6). Suppose 5*u = -2*r + n, -2*u + r - 1227 = -3*u. What is the units digit of u?
4
Let h(r) = 4 - 2*r**2 + 0*r**2 - 2*r**2 + r - r**3 - 3*r**2. Let c be h(-7). What is the tens digit of (12/9)/(c*(-2)/828)?
8
Let v = 34 - 35. What is the units digit of (v/((-6)/996))/((-1)/(-2))?
2
What is the hundreds digit of 120/(-22)*1493514/(-513)?
8
Let d be 6*-8*((-82)/24 + 3). Suppose 5*i - d = 15*i. What is the units digit of 15 - (i + 0 + 3)?
4
Let h be (108/(-4) - 3) + 3. Let z be (h/6)/9*-86. Let n = z - -32. What is the tens digit of n?
7
Let k = -1819 - -14445. What is the hundreds digit of k?
6
Let l(o) = o**3 + 14*o**2 + 14*o + 11. Let c be l(-13). What is the hundreds digit of c/(-9) - (2203/(-9) + 0)?
2
Let o(i) = -4*i - 27. Let v = 94 + -102. Let g be o(v). Suppose 6*t - 2*t = g*j - 551, -5*j + t = -539. What is the hundreds digit of j?
1
What is the tens digit of -28*((-81)/(-27) + 2991/(-6))?
7